s s(-1)?
-8
Let w(z) be the second derivative of 0 - 1/12*z**4 + 3*z**2 + 2/3*z**3 - 7*z. Determine w(6).
-6
Suppose 3*c + 0*c = 0. Let y(p) = p**2 - 2. Calculate y(c).
-2
Let m(n) = -n**3 + 7*n**2 + 3*n + 3. Let t(d) = -2*d**3 + 13*d**2 + 6*d + 5. Let r(k) = -7*m(k) + 4*t(k). Let f be 4/((-3)/(3/(-1))). Give r(f).
-5
Let p(b) = b**3 + 8*b**2 - b - 4. Let x be p(-8). Let c(n) = n**2 - 5*n + 4. What is c(x)?
0
Suppose -d + 7 = 5*v, d + 0 + 3 = 5*v. Suppose -2*w = -w - d. Let x(j) = j**2 - 7*j + 2 - w + 5. What is x(5)?
-5
Suppose s = -5*a - 10, a + 3*a - 2*s = 6. Let m(v) = 3*v**3 - 2*v**2 - v. What is m(a)?
-4
Let p(f) = 4*f - 4. Let k(w) = w**2 + 14*w + 20. Let v be k(-13). What is p(v)?
24
Let s(c) = -c**3 - 3*c**2 + c - 1. Let q be 14/(-2) + (7 - 4). Give s(q).
11
Let z = 6 - 3. Let l = 9 - z. Let f(m) = -5*m**2 + l*m - 6*m - 1. Calculate f(-1).
-6
Let a(i) = i**2 - 6*i - 9. Let n(l) = -l**2 + 11*l + 19. Let u be n(12). What is a(u)?
-2
Let m(z) be the third derivative of z**4/8 + z**3 - 21*z**2. What is m(-5)?
-9
Let n(o) = -o**3 - 7*o**2 - 8*o - 5. Let g(u) = u**3 + 5*u**2 + u - 1. Let i be 2/(-8) + (-38)/8. Let v be g(i). Determine n(v).
7
Let g = 4 + -6. Let f(m) = m**2 - 7*m + 6. Let w be f(5). Let s(a) = a**2 - 1. Let p(z) = 5*z**2 + z - 4. Let l(x) = w*s(x) + p(x). Calculate l(g).
2
Let b be 4*1*1 + -2. Let y be (15/(-3))/(b + -1). Let l(q) be the third derivative of -q**5/60 - q**4/4 + q**3/6 + q**2 + 9. What is l(y)?
6
Suppose 2*q - 2 + 6 = 0. Suppose 30 = -3*h + 6. Let j(i) = -i**2 + 3*i - 4. Let p(r) = 3*r**2 - 8*r + 11. Let w(d) = h*j(d) - 3*p(d). Determine w(q).
-5
Let u(c) be the third derivative of -5/24*c**4 + 2/3*c**3 + 1/60*c**5 - 5*c**2 + 0 + 0*c. Determine u(5).
4
Let d = 14 + -20. Let l(o) = -o**2 - 4*o + 5. Give l(d).
-7
Let m(r) be the second derivative of -r**6/120 - r**5/12 - r**3/2 + r**2/2 - r. Let p(s) be the first derivative of m(s). Let b = -14 - -9. Calculate p(b).
-3
Suppose 0 = 4*j + 4*r + 4, 3*j = -2*r - 6. Let m(h) = -2*h - 5. Give m(j).
3
Let y(t) = t**3 - 4*t**2 - t + 5. Let w(p) = 2*p**3 - 7*p**2 - 2*p + 11. Let r(l) = 3*w(l) - 5*y(l). Calculate r(0).
8
Let k(j) = 2*j**2 + 3*j - 4. Let v(m) = 2*m - 6. Let p be v(4). Let a be p/(-4) - (-2)/4. Suppose 0 = y - a*y + 3. Determine k(y).
5
Let n = 21 + -13. Let c = n - 6. Let j(m) = -m**3 + m**2 - m + 1. Let x(v) = -7*v**3 + 9*v**2 - 8*v + 4. Let k(o) = -6*j(o) + x(o). Determine k(c).
-2
Let d(n) = -n**3 - 5*n**2 + 7*n + 2. Suppose -4*y = -0*y + 24. Let a be d(y). Let u(x) = 5*x + 4. Let g(w) = w + 1. Let s(t) = 22*g(t) - 4*u(t). What is s(a)?
-2
Suppose 4*v + 24 = 4*w, 0 = -4*v + 2*w - 3 - 17. Let t(i) = -i**2 - 9*i - 5. Give t(v).
15
Suppose q + 1 = 3*b - 2*b, -11 = -5*b + 2*q. Let g(l) = l**3 - 5*l**2 + 3*l + 2. Calculate g(b).
-7
Let l(k) = -k - 17. Let g(n) = -2. Let v(p) = 18*g(p) - 2*l(p). Let x(q) = -6*q**2 + 2. Let h be x(-2). Let d be h/(-6) + (-3)/(-9). Give v(d).
6
Suppose 7 = -l + 17. Let m = l - 5. Let k(g) = -g**2 - 9 + 17 + 4*g - 2. Calculate k(m).
1
Let j be 9 - 9 - 2/(-1). Let u(t) = -8*t + 6 - j*t + 9*t. What is u(-6)?
12
Let i(c) be the third derivative of -3*c**4/8 + c**3/6 - 5*c**2. Calculate i(-1).
10
Let u(q) = -q + 3. Let i be u(0). Let d(p) = 2 + 1 + 0 - 4*p. Calculate d(i).
-9
Let u(x) = -x**2 + 9*x + 6. Let l(r) = r. Let t(f) = 4*l(f) - u(f). Suppose 3*h - c = 15, c - 2*c = -5*h + 25. Calculate t(h).
-6
Suppose -d - 7 = -4. Let w = 3 + 1. Let p(a) = 4*a**2 + a**2 + 9*a - 3*a**2 + 3 - w*a. Calculate p(d).
6
Let j be 2/8 + 5/(-20). Let t(y) be the second derivative of j - y**3 - 1/2*y**2 - 3*y + 1/12*y**4. Calculate t(6).
-1
Let h be ((-28)/6)/(12/(-18)). Suppose 4*w - 4*j - 20 = 0, h + 6 = 3*w - j. Let t(i) = i**2 - 4*i - 5. What is t(w)?
-5
Let b(n) = 5*n**2 + 3. Let p(w) be the second derivative of -w**4/3 - 2*w**2 - 4*w. Let t(f) = -5*b(f) - 6*p(f). Determine t(0).
9
Let i(c) be the first derivative of c**3/3 + 4*c**2 + 8*c - 12. Determine i(-8).
8
Let u(j) = j**2 - 2*j + 1. Let x = -8 - -10. Give u(x).
1
Suppose 0 = 4*w - 5 - 19. Let g(p) = p - 8. Determine g(w).
-2
Suppose l + 3 = -1. Let m = l + 9. Let v(k) = 0*k**2 + k**2 - 3*k - 3*k + 6. Determine v(m).
1
Let s(w) = 9*w + 6. Let k(h) = 11*h + 7. Let t(x) = -3*k(x) + 4*s(x). Determine t(-2).
-3
Let z(j) be the second derivative of j**3/2 - 3*j**2 + 4*j. Give z(4).
6
Let f(g) = 2 - 2*g**2 - g - 1 - 3*g**2. Let x be 4 + 4 + 1*-3. Suppose -x*c - 4 + 9 = 0. What is f(c)?
-5
Let o(m) = -m**3 + 5*m**2 - 7. Suppose 0 = -4*a + 5 + 3. Suppose a*g = -3 + 13. Determine o(g).
-7
Let i(a) = a**2 + 5*a + 3. Let s = -18 - -11. Calculate i(s).
17
Let l(i) = -3*i - i**2 + 0*i**2 + 2*i + 0*i**2 - 1. Let t(b) = 3*b**2 + 10*b + 10. Let w(u) = -4*l(u) - t(u). Give w(6).
-6
Let f(v) be the second derivative of 3*v**5/10 + v**4/12 - v**3/6 - v**2/2 - v. Let d be (-4 - 0) + 5 + -2. Give f(d).
-5
Let r(t) = t**3 + 6*t**2 + 4*t + 2. Let u be 8 + -1 + 1 - 1. Let x = 2 - u. What is r(x)?
7
Let i(h) = 6*h + 4*h**2 - 3 + 4 + 2 - h**3. Determine i(5).
8
Let f(b) be the first derivative of -b**3/3 - 3*b**2/2 - 5. What is f(-5)?
-10
Let y(v) = -v**2 + 4*v + 3. Let o be y(4). Suppose -o*g + 2*g = -6. Let d(t) = -5*t + 7*t + t**2 - g*t. Give d(3).
-3
Let c(o) = -o**3 + 5*o**2 - 6*o + 2. Let p be ((-4)/(-6))/(4/60). Let m = p - 2. Suppose -3*a = -a - m. Calculate c(a).
-6
Let g(w) be the first derivative of w**2/2 - 7*w + 5. Let b(n) = -n + 7. Let f(o) = 4*b(o) + 3*g(o). What is f(0)?
7
Let p be (12/(-4))/(-3) - -3. Let f(x) = -p*x + x**2 - 3 - 5*x + 15*x. Determine f(-6).
-3
Suppose -4*z = 4*v + 3 - 23, -2*z + 3*v + 5 = 0. Suppose 4*a + j + 3 = 0, z = j - 1. Let s(d) = d**2 + 1. Give s(a).
5
Let w(j) be the third derivative of j**6/120 + j**5/10 + j**4/8 - 5*j**3/6 - 3*j**2. Give w(-4).
15
Suppose -6 = -3*a - 12. Let j(n) = -4*n**2 + n - 1. Let d(t) = 5*t**2 + 2. Let k(x) = a*d(x) - 3*j(x). Determine k(3).
8
Let k = 5 - 2. Let h(t) = 0*t**3 - t**3 - 3*t + 4*t**2 + 61 - 63. What is h(k)?
-2
Let f(l) = -l + 2. Let g(u) = -u + 3. Let j(v) = -3*f(v) + 2*g(v). Calculate j(-1).
-1
Let p(g) = 2*g**2 - 7*g - 1. Let j be p(5). Let m = 13 - j. Let c(y) = 6*y**2 - 2*y - 1. Determine c(m).
7
Let b(y) = -y**3 - 8*y**2 - 7*y - 7. Let w be -9 - (2 + 0 + -4). What is b(w)?
-7
Let p be (-3)/(-1) + -2 + 1. Let x(l) be the second derivative of p*l - 1/6*l**3 + 0 - 4*l**2. Give x(0).
-8
Let d(l) be the second derivative of -l - 3/2*l**3 + 0 - 1/2*l**2. What is d(-1)?
8
Let c = 1 + 4. Suppose 0 = -4*h - i + 8, -2*h - c*i = -h + 17. Let t(k) = -k**2 - k + 4. Calculate t(h).
-8
Let l(i) = i**2 + 7*i - 3. Let c be -3 - ((-2 - -3) + 2). Give l(c).
-9
Let g be (-1 + 19)/3*-1. Let w(r) = 6*r - 3. Let p(h) = 5*h - 2. Suppose i - 2*m = -12, -i + 18 = 5*m + 2. Let l(q) = i*w(q) + 5*p(q). Determine l(g).
-4
Let z(q) = -10*q + 7. Let d(a) = -5*a + 3. Let f(k) = -5*d(k) + 2*z(k). Determine f(-1).
-6
Let i(c) = 8*c**2 + 4*c + 1. Let y(m) be the second derivative of 7*m**4/12 + m**3/2 + m**2/2 + 2*m. Let u(x) = 5*i(x) - 6*y(x). Calculate u(1).
-1
Suppose 1 = 3*g - 8. Suppose -5*q + 4*o = -41, 4*q = -q - g*o + 13. Let k(t) = t - 7. Determine k(q).
-2
Let b(x) = -x - 5. Let m(c) = -33*c**2 - c. Let y be m(1). Let w be y/9 - (-6)/(-27). What is b(w)?
-1
Let n(f) be the second derivative of -f**7/630 - f**6/240 - f**5/60 + 2*f**4/3 + 2*f. Let u(j) be the third derivative of n(j). Give u(-2).
-12
Let a(c) = c + 1. Let j(q) = 2*q + 1. Let y(t) = 7*a(t) - 4*j(t). Calculate y(0).
3
Let f(c) = -c**2 + 5*c - 3. Suppose -3*h + 2*h = -2*t + 49, -2*h + 102 = 4*t. Let d be (30/t)/(2/5). Determine f(d).
3
Let s(v) = 4*v - 4. Let m(u) = u - 1. Let q(x) = -6*m(x) + s(x). Determine q(-6).
14
Suppose -v - 2*b = 4*v - 33, b = 5*v - 21. Let y(n) = 8 + 0*n - n + 0. Determine y(v).
3
Let x be 1/(-2)*(4 - 4). Let c(l) = -l**3 - 11. Calculate c(x).
-11
Let m(r) be the first derivative of -r**4/12 - r**3/2 + 3*r**2/2 - 4*r - 3. Let c(d) be the first derivative of m(d). Determine c(-3).
3
Let n(r) = r**3 - 3*r**2 - r + 4. Let p = -10 - -13. Give n(p).
1
Let o(u) = 3*u + 20. Let g(k) = -k - 7. Let h(a) = 8*g(a) + 3*o(a). Let l be h(-4). Let c(f) be the second derivative of f**3/6 + 3*f**2/2 - f. Calculate c(l).
3
Let m(i) = -13*i. Suppose 2*n = 5*f - 7, 2*n + 8 = 5*f